2373?
6
What is the tens digit of 22910?
1
What is the ten thousands digit of 1638515?
3
What is the millions digit of 2315526?
2
What is the tens digit of 323227?
2
What is the hundred thousands digit of 839547?
8
What is the ten thousands digit of 368454?
6
What is the units digit of 262406?
6
What is the ten thousands digit of 7593013?
9
What is the hundred thousands digit of 1713085?
7
What is the units digit of 29688650?
0
What is the thousands digit of 150960?
0
What is the hundreds digit of 3837360?
3
What is the ten thousands digit of 5335257?
3
What is the thousands digit of 3998943?
8
What is the hundred thousands digit of 3495058?
4
What is the thousands digit of 37027?
7
What is the tens digit of 14693?
9
What is the ten thousands digit of 102833?
0
What is the units digit of 7164331?
1
What is the ten thousands digit of 342450?
4
What is the units digit of 8777098?
8
What is the units digit of 47115?
5
What is the tens digit of 6104477?
7
What is the ten thousands digit of 5437485?
3
What is the hundreds digit of 4119364?
3
What is the hundreds digit of 1618115?
1
What is the thousands digit of 2308783?
8
What is the thousands digit of 7124964?
4
What is the ten thousands digit of 780698?
8
What is the hundreds digit of 71562?
5
What is the thousands digit of 1574966?
4
What is the ten thousands digit of 397285?
9
What is the hundreds digit of 5866495?
4
What is the hundred thousands digit of 169037?
1
What is the millions digit of 7071726?
7
What is the hundreds digit of 870068?
0
What is the thousands digit of 397593?
7
What is the thousands digit of 123891?
3
What is the hundred thousands digit of 196984?
1
What is the thousands digit of 652941?
2
What is the ten thousands digit of 242172?
4
What is the hundreds digit of 9436211?
2
What is the ten millions digit of 16233447?
1
What is the ten thousands digit of 26737?
2
What is the hundred thousands digit of 213154?
2
What is the tens digit of 2572376?
7
What is the hundred thousands digit of 1114809?
1
What is the tens digit of 2450855?
5
What is the hundreds digit of 837534?
5
What is the hundreds digit of 4085136?
1
What is the millions digit of 3595960?
3
What is the units digit of 24773?
3
What is the units digit of 2553967?
7
What is the hundred thousands digit of 303464?
3
What is the millions digit of 1462598?
1
What is the thousands digit of 2579693?
9
What is the hundred thousands digit of 327643?
3
What is the tens digit of 188432?
3
What is the hundreds digit of 9753648?
6
What is the tens digit of 283481?
8
What is the tens digit of 6601537?
3
What is the tens digit of 256023?
2
What is the units digit of 2285525?
5
What is the hundreds digit of 4800530?
5
What is the units digit of 28480?
0
What is the hundred thousands digit of 5275374?
2
What is the ten thousands digit of 11663?
1
What is the ten millions digit of 11139881?
1
What is the units digit of 148501?
1
What is the tens digit of 1081589?
8
What is the tens digit of 572860?
6
What is the thousands digit of 784516?
4
What is the hundreds digit of 569807?
8
What is the hundred thousands digit of 2906482?
9
What is the ten thousands digit of 5545660?
4
What is the tens digit of 3350175?
7
What is the ten thousands digit of 697372?
9
What is the ten thousands digit of 595538?
9
What is the units digit of 8653740?
0
What is the thousands digit of 346471?
6
What is the ten thousands digit of 48938?
4
What is the tens digit of 2877047?
4
What is the thousands digit of 285205?
5
What is the tens digit of 477342?
4
What is the hundreds digit of 19425452?
4
What is the tens digit of 401720?
2
What is the tens digit of 148812?
1
What is the hundreds digit of 561634?
6
What is the hundreds digit of 1421319?
3
What is the units digit of 163410?
0
What is the millions digit of 6599769?
6
What is the hundreds digit of 9608119?
1
What is the hundreds digit of 335685?
6
What is the ten thousands digit of 1476724?
7
What is the hundreds digit of 29891031?
0
What is the thousands digit of 385687?
5
What is the hundreds digit of 4241443?
4
What is the hundred thousands digit of 642649?
6
What is the hundred thousands digit of 153974?
1
What is the hundred thousands digit of 261015?
2
What is the tens digit of 759278?
7
What is the tens digit of 8766216?
1
What is the hundreds digit of 1252502?
5
What is the hundreds digit of 12646977?
9
What is the tens digit of 8559961?
6
What is the hundreds digit of 16268098?
0
What is the ten thousands digit of 414027?
1
What is the hundreds digit of 44439172?
1
What is the tens digit of 4886507?
0
What is the tens digit of 510204?
0
What is the tens digit of 2199079?
7
What is the millions digit of 1026050?
1
What is the units digit of 250083?
3
What is the tens digit of 6649891?
9
What is the tens digit of 946213?
1
What is the tens digit of 118960?
6
What is the ten thousands digit of 83581?
8
What is the hundreds digit of 1282433?
4
What is the ten thousands digit of 483529?
8
What is the units digit of 941?
1
What is the thousands digit of 635260?
5
What is the thousands digit of 1436549?
6
What is the hundreds digit of 226721?
7
What is the units digit of 19346?
6
What is the hundred thousands digit of 3977584?
9
What is the units digit of 647084?
4
What is the ten thousands digit of 260841?
6
What is the ten thousands digit of 294426?
9
What is the hundred thousands digit of 1945617?
9
What is the units digit of 157113?
3
What is the thousands digit of 61545?
1
What is the millions digit of 1498925?
1
What is the units digit of 4579200?
0
What is the units digit of 25280?
0
What is the hundreds digit of 1205163?
1
What is the tens digit of 134500?
0
What is the hundreds digit of 1148823?
8
What is the hundred thousands digit of 2933631?
9
What is the ten millions digit of 27559123?
2
What is the ten thousands digit of 2825242?
2
What is the tens digit of 154134?
3
What is the units digit of 530195?
5
What is the hundred thousands digit of 3232268?
2
What is the units digit of 19402?
2
What is the hundred thousands digit of 298203?
2
What is the hundreds digit of 417882?
8
What is the thousands digit of 4184800?
4
What is the hundreds digit of 3254572?
5
What is the hundreds digit of 409958?
9
What is the units digit of 1353855?
5
What is the units digit of 1279167?
7
What is the thousands digit of 187961?
7
What is the units digit of 443841?
1
What is the tens digit of 89263?
6
What is the millions digit of 1571914?
1
What is the hundred thousands digit of 335801?
3
What is the millions digit of 2887008?
2
What is the tens digit of 1949008?
0
What is the thousands digit of 224712?
4
What is the thousands digit of 166060?
6
What is the millions digit of 1419780?
1
What is the units digit of 2553319?
9
What is the ten thousands digit of 706476?
0
What is the ten thousands digit of 8426453?
2
What is the hundreds digit of 274230?
2
What is the hundreds digit of 199608?
6
What is the units digit of 207867?
7
What is the tens digit of 637407?
0
What is the ten thousands digit of 3638229?
3
What is the hundred thousands digit of 438356?
4
What is the tens digit of 495591?
9
What is the thousands digit of 228398?
8
What is the tens digit of 1764413?
1
What is the hundreds digit of 6096370?
3
What is the hundred thousands digit of 312814?
3
What is the hundreds digit of 149360?
3
What is the hundreds digit of 8511532?
5
What is the hundred thousands digit of 1493001?
4
What is the tens digit of 1568677?
7
What is the thousands digit of 1655798?
5
What is the hundred thousands digit of 133054?
1
What is the thousands digit of 498195?
8
What is the tens digit of 17310804?
0
What is the thousands digit of 10553087?
3
What is the hundred thousands digit of 571702?
5
What is the hundred thousands digit of 138936?
1
What is the hundreds digit of 118022?
0
What is the ten thousands digit of 2308208?
0
What is the hundreds digit of 717339?
3
What is the thousands digit of 208948?
8
What is the hundred thousands digit of 537053?
5
What is the hundreds digit of 114177?
1
What is the millions digit of 3645823?
3
What is the tens digit of 2314708?
0
What is the ten thousands digit of 4814055?
1
What is the millions digit of 8937849?
8
What is the thousands digit of 897676?
7
What is the units d